484 = i*g. What are the prime factors of g?
2, 3, 23
Let y = -124 - -126. List the prime factors of -4 - (-409 - 8/y).
409
Let v(y) = 258*y + 1. Suppose 2*b + g - 5 = 0, 3*b + g + 3*g - 15 = 0. List the prime factors of v(b).
7, 37
Suppose -26 - 351 = -13*r. Suppose 24073 + 5130 = r*w. What are the prime factors of w?
19, 53
Let w = 11498 + -7524. What are the prime factors of w?
2, 1987
Let k(n) = 6*n + 164. Let j(a) = -3*a - 82. Let c(p) = -13*j(p) - 6*k(p). Let z be c(0). Let i = z + -53. List the prime factors of i.
29
Suppose 2*m - 80 = -t, 6*t - 331 = 2*t + 3*m. Let s = 155 - t. Let p = 0 + s. What are the prime factors of p?
73
Suppose 29*w - 23*w - 25758 = 0. Suppose -2*x = 5*p - w, -485 - 2087 = -3*p - 5*x. List the prime factors of p.
859
Suppose 2*n - 2*h - 348 = 0, -n + 174 = 3*h + 2*h. Suppose -5*v = -x + 4*x - n, 0 = x + v - 56. List the prime factors of x.
53
Suppose 22*o - 70134 = 120518. What are the prime factors of o?
2, 7, 619
Suppose 0*r - 2*o = -2*r - 1642, 821 = -r + 2*o. Let x(c) = 2*c**3 + 14*c**2 + 19. Let u be x(-10). Let n = u - r. What are the prime factors of n?
2, 3, 5
Let a(b) = 109*b**3 + b. Let k = -46 - -45. Let c be a(k). What are the prime factors of (6/(-4))/(15/c)?
11
Let t = 46 - 44. Suppose 6 - t = -4*b. List the prime factors of (-93)/(b*(-2)/(-2)).
3, 31
Let d = 2654 + -1797. Let f = -458 + d. Suppose m = 4*s - 52 - f, -3 = m. List the prime factors of s.
2, 7
Suppose 10 = 2*d - 6. Suppose 10*t = d*t + 46. Suppose -18*p - 565 = -t*p. What are the prime factors of p?
113
Let s be (-8)/5 - 20/50. Let v(d) = d - 7. Let q be v(s). Let u(c) = -12*c - 21. What are the prime factors of u(q)?
3, 29
Let p(o) = -4*o**3 - 6*o**2 - 23*o - 1. Let d(g) = 3*g**3 + 7*g**2 + 23*g. Let s(l) = 5*d(l) + 4*p(l). List the prime factors of s(9).
5, 73
Let w be 1/(((-9)/6)/(3 + -6)). Suppose y + 185 = w*i + 1035, 3*y + 4*i - 2570 = 0. What are the prime factors of y?
2, 7, 61
Let t = -5734 + 13557. List the prime factors of t.
7823
Let q be (-54)/45*7/((-63)/(-150)). Let m(y) = -10*y - 130. List the prime factors of m(q).
2, 5, 7
Let a(j) = 329*j**2 - 8*j + 16. List the prime factors of a(4).
2, 41
Let d(w) = -40*w - 2997. List the prime factors of d(-86).
443
Suppose 170*c + 91 = 177*c. Suppose c*q - 2426 = 3749. What are the prime factors of q?
5, 19
Let t(q) be the first derivative of -2*q**3/3 + 9*q**2/2 + 38*q + 17. Let a be t(9). Let j = a + 84. What are the prime factors of j?
41
Let b be (1 + (-5)/2)/(3/(-12)). Suppose 1 - b = x. What are the prime factors of ((-1)/(x/12))/(1/15)?
2, 3
Let s be 176/(-20) - 10/50. List the prime factors of (3/s)/(6/(-18)) - -367.
2, 23
Let a(f) be the second derivative of f**5/20 + 7*f**4/6 - f**3 - 25*f**2/2 + 169*f. What are the prime factors of a(-8)?
11, 37
Suppose 6*j - 5*c - 25807 = 5*j, 0 = 4*j + 5*c - 103228. What are the prime factors of j?
131, 197
Suppose -4*h = d - 35, 18*h + 2*d + 10 = 20*h. Let t(z) = -10*z - 10. Let o(r) = 21*r + 19. Let k(x) = -6*o(x) - 13*t(x). What are the prime factors of k(h)?
2, 3
Suppose -z = -12*w + 17*w - 2610, 5*z - 2*w = 12969. Suppose -z = -34*p - 419. List the prime factors of p.
2
Suppose -60 = 14*r + 920. What are the prime factors of (-2 + -2 + -11)*3052/r?
2, 3, 109
Let v(g) = 1813*g**2 + 22*g + 203. What are the prime factors of v(-4)?
29123
Let l = -113 + 121. Suppose 0 = -2*g - 3*b + 902, -l*b + 6*b = 4. What are the prime factors of g?
2, 227
Let v be ((-12)/8)/(-3) + (-1550)/(-4). Suppose -4*x = 4*q - v, 0*q - 5*q - 361 = -4*x. List the prime factors of x.
2, 47
What are the prime factors of 5389775/237 + ((-24)/9 + 0 - -2)?
22741
Let q(n) = 1763*n - 594. List the prime factors of q(6).
2, 3, 13
Suppose -3*b + 1225 = 4*k, 4*b + 2*k + 826 = 6*b. Suppose -3*w = 2*t - 33, 0 = -2*w + t - 2*t + 22. Suppose b = -w*f + 2842. What are the prime factors of f?
13, 17
Suppose -2*i + 70 = -10. Suppose -4*a - i = -4*f, 4*a = -a. Suppose -f = -11*n + 6*n. List the prime factors of n.
2
Suppose h - 3*k - k + 16 = 0, 20 = -h + 5*k. Suppose h = 5*m - 3*i - 5411, 0 = -9*m + 10*m - 4*i - 1089. What are the prime factors of m?
23, 47
Suppose -v - 5*q + 7838 = 0, -4*v + q + 31307 = 6*q. List the prime factors of v.
7823
Let y(n) = n**2 - 3*n - 4. Let r = -8 + 11. Let z be y(r). What are the prime factors of 6/24 + (-299)/z?
3, 5
Suppose -1832*w + 1854*w - 3696 = 0. What are the prime factors of w?
2, 3, 7
Suppose -20 = 2*w - 4*n, -2*n - 14 = 2*w + 6. What are the prime factors of 3 - w/(-3) - 892/(-3)?
3, 11
What are the prime factors of (-457)/(-1)*(8 + 9 + 1)?
2, 3, 457
Let b(y) = -318*y - 330. What are the prime factors of b(-23)?
2, 3, 97
Let t(y) = y**3 - y**2 + y + 109. Let u = 38 + -25. Let l = -13 + u. What are the prime factors of t(l)?
109
Let n be (-1)/1*(1 - 110). Let f = 151 - -34. Let c = f - n. List the prime factors of c.
2, 19
List the prime factors of (-20)/(-150) + 1294390/(-75)*(-14)/4.
3, 5, 4027
Suppose v - 1836 = 3519. List the prime factors of v.
3, 5, 7, 17
Let s = 32653 - 17984. List the prime factors of s.
14669
Let z be (-9)/54 - (-2 - 67/6). Let p(w) = w**3 - 5*w**2 - 21*w + 36. List the prime factors of p(z).
5, 223
Let y = 224 + -224. Suppose y = -9*v + 487 + 4400. What are the prime factors of v?
3, 181
Suppose a = 1 + 1, -5*g - 2*a = -249. Suppose 5*c - 104 = 2*q, -2*q + 10 - 100 = 2*c. Let y = q + g. What are the prime factors of y?
2
Let n(g) = -g**2 - g - 2. Let r(d) = 30*d**2 - 4*d + 2. Let t(i) = -4*n(i) + r(i). List the prime factors of t(-3).
2, 79
Suppose 4*n = -4*j + 56, -6*n + 11*n = -2*j + 58. What are the prime factors of ((n - 0) + -13)*695/(-3)?
5, 139
Let n = 8177 + 7583. List the prime factors of n.
2, 5, 197
Let d be 0 + -2*6/(-4). Suppose -364*a + 181*a = -186*a + 2115. Suppose 3*t - a = -4*z, d*t - 185 = -z + 4*t. List the prime factors of z.
2, 3, 5
Suppose 3*i + 3*o = o + 23, 3*i + 3*o - 18 = 0. What are the prime factors of (i - (-7588)/12) + (-8)/6?
2, 3, 107
Suppose 3*h - 9987 - 32623 = 15557. List the prime factors of h.
3, 23, 281
Let l = -20111 - -64922. List the prime factors of l.
3, 13, 383
Let i = 6 + 0. Suppose -i*q + 0*q = -12384. Suppose 3*s + q = 15*s. What are the prime factors of s?
2, 43
Let b(i) = 45*i**3 - 2*i**2 - 6*i - 8. Let z be b(4). Suppose -4*p = 5*c - z, 3*c + 57 = 2*p - 1351. What are the prime factors of p?
2, 11
Let b be (11/22)/((-2)/(-24)). Suppose -b*s - 156 = -9*s. List the prime factors of s.
2, 13
Let w(o) = 2*o - 35. Let c be w(23). Suppose 0 = -c*d + 21 + 1. Suppose l + d = 19. List the prime factors of l.
17
Suppose 60 - 13 = -4*s - 3*k, 2*k = -5*s - 57. Let v be (1 - s) + (-1 - -5 - 8). Suppose -15*g = -v*g - 567. What are the prime factors of g?
3
Suppose 14*o = 2*o - 120. What are the prime factors of 1782 - (o/(-5) + -6)?
2, 19, 47
Suppose -5*l + 33 = 3*u, 0*l - l - 2*u = -1. Suppose -18*g + l*g = -5319. Suppose -2*n = 2*n, -3*n = 3*s - g. What are the prime factors of s?
197
Suppose -2*l - g = 4*g - 119, -4*l + 253 = -5*g. Let p = 181 - 187. Let q = p + l. List the prime factors of q.
2, 7
Let o be (-1)/((-2)/(-4)*-1). Let f(t) = 33*t - 13. Let m(a) = 99*a - 36. Let g(w) = -17*f(w) + 6*m(w). What are the prime factors of g(o)?
71
Let h(o) = 2*o**2 + 2*o + 14. Let g(x) = -x**3 - 8*x**2 + 4*x + 43. Suppose -3*q = 2*d - d + 2, -2*q = d + 4. Let i be g(d). What are the prime factors of h(i)?
2, 139
Suppose 11*i + 11*i = 924. Suppose -2 = 8*n - i. List the prime factors of n.
5
Suppose 117312 = 19*o + 7397. What are the prime factors of o?
5, 13, 89
Suppose -14*x + 2370 + 1634 = 0. Let z = 479 - x. Let s = z + -71. What are the prime factors of s?
2, 61
Let g be 2/(8/(-700)) - -3. Let a(m) = -m**3 + 19*m**2 + 30*m - 4. Let y be a(21). Let k = g - y. List the prime factors of k.
2, 3, 7
Let r be 885/(-25) + (-4)/(-10). Let l be (6/(-15)*r)/((-2)/(-132)). List the prime factors of 2/(-4) + l/8.
5, 23
Suppose 3*b + 18720 = 11*b. Let l be ((-3)/(-3))/(6/b). Suppose -r + l = r. List the prime factors of r.
3, 5, 13
Let g(y) = 45*y - 218. Let c be g(7). Let n be (-12)/(-54) - (-706)/(-18). Let b = n + c. What are the prime factors of b?
2, 29
What are the prime factors of 852 + 132/(12 + 0)?
863
Let i = 6440 - 3241. List the prime factors of i.
7, 457
Let j(d) =